?
1304
What is the greatest common factor of 1792 and 105?
7
What is the greatest common factor of 144 and 18?
18
What is the highest common divisor of 140 and 53925?
5
What is the greatest common factor of 23274 and 1566?
54
What is the greatest common divisor of 429 and 5898321?
429
What is the highest common factor of 16395 and 195?
15
Calculate the greatest common factor of 52 and 3004378.
26
What is the highest common divisor of 6496 and 41644?
116
Calculate the highest common divisor of 1026 and 53091.
9
What is the greatest common factor of 151500 and 1212?
1212
What is the greatest common divisor of 144 and 26704?
16
Calculate the greatest common factor of 1738 and 11429.
11
Calculate the highest common divisor of 8 and 231632.
8
What is the greatest common factor of 99813 and 6?
3
Calculate the highest common divisor of 615 and 109593.
123
What is the greatest common divisor of 2070 and 30475?
115
Calculate the greatest common divisor of 184 and 5080.
8
What is the highest common divisor of 39872 and 801?
89
Calculate the greatest common divisor of 12 and 442812.
12
Calculate the highest common factor of 396067 and 10549.
959
What is the greatest common factor of 440 and 21640?
40
Calculate the highest common factor of 2775 and 60495.
555
What is the greatest common factor of 120105 and 3060?
765
What is the highest common factor of 18225 and 150?
75
What is the greatest common factor of 41769 and 5733?
819
Calculate the highest common divisor of 35304 and 2.
2
Calculate the highest common divisor of 68661 and 153.
9
What is the highest common divisor of 85680 and 29580?
1020
Calculate the greatest common divisor of 73 and 327989.
73
What is the highest common divisor of 2877706 and 416?
26
Calculate the greatest common divisor of 95908 and 64.
4
What is the highest common divisor of 207 and 167877?
207
Calculate the highest common factor of 1306 and 11615564.
1306
Calculate the highest common divisor of 235 and 17915.
5
What is the greatest common divisor of 13176697 and 1402?
701
Calculate the highest common divisor of 5809 and 703.
37
Calculate the highest common factor of 80 and 4735.
5
Calculate the highest common factor of 18 and 41406.
6
What is the greatest common factor of 13938 and 442986?
606
What is the highest common divisor of 1672 and 263560?
88
Calculate the greatest common divisor of 16 and 424.
8
What is the greatest common divisor of 18279 and 351?
27
What is the highest common divisor of 10181360 and 560?
560
What is the greatest common divisor of 303390 and 45?
45
Calculate the highest common divisor of 243 and 8863182.
243
Calculate the highest common factor of 396 and 23292.
36
What is the greatest common divisor of 147455 and 1155?
385
What is the greatest common factor of 46998 and 18774?
126
What is the greatest common factor of 3 and 4486?
1
What is the highest common factor of 1210 and 5555?
55
Calculate the highest common divisor of 2555375 and 125.
125
Calculate the highest common factor of 1224 and 3298.
34
Calculate the greatest common divisor of 1585710 and 126.
126
Calculate the greatest common factor of 1032 and 75048.
24
What is the greatest common divisor of 6313 and 428?
107
What is the highest common factor of 100331 and 44?
11
Calculate the greatest common divisor of 125 and 7775.
25
What is the greatest common divisor of 20 and 137620?
20
Calculate the highest common factor of 265 and 755.
5
What is the highest common factor of 3094 and 35?
7
What is the highest common factor of 1180751 and 23?
23
Calculate the greatest common divisor of 378 and 18466.
14
Calculate the highest common divisor of 10 and 22405.
5
Calculate the highest common factor of 8272 and 9024.
752
What is the greatest common divisor of 195 and 8280?
15
What is the greatest common divisor of 410 and 6130?
10
Calculate the highest common factor of 180 and 14090.
10
What is the highest common factor of 842259 and 363?
33
Calculate the highest common factor of 4818 and 29054.
146
Calculate the greatest common factor of 179097 and 3.
3
Calculate the highest common factor of 13978 and 1276.
58
What is the highest common factor of 69 and 2531127?
69
Calculate the greatest common factor of 4836 and 120621.
93
What is the highest common divisor of 194351 and 76?
19
What is the greatest common divisor of 36 and 2818062?
18
Calculate the greatest common factor of 386 and 37635.
193
Calculate the highest common divisor of 6057 and 468.
9
Calculate the highest common factor of 102060 and 75.
15
Calculate the greatest common factor of 3696 and 48818.
154
Calculate the greatest common factor of 441 and 21357.
63
Calculate the greatest common factor of 53724 and 12.
12
What is the greatest common factor of 819 and 56?
7
Calculate the greatest common divisor of 420472 and 1508.
52
Calculate the highest common factor of 3132 and 1866.
6
What is the highest common factor of 84708 and 39?
39
Calculate the highest common divisor of 6149 and 1274.
13
Calculate the greatest common divisor of 16356 and 16414.
58
What is the highest common divisor of 3802 and 16?
2
What is the greatest common factor of 643715 and 620?
155
What is the greatest common divisor of 11357 and 9020?
41
What is the greatest common factor of 177392 and 32?
16
What is the greatest common factor of 9990 and 165?
15
Calculate the highest common factor of 5709 and 1353.
33
Calculate the greatest common factor of 83745 and 135.
45
What is the greatest common divisor of 156730 and 70?
70
Calculate the highest common factor of 29 and 117566.
29
Calculate the highest common factor of 2254 and 37352.
322
What is the highest common factor of 56 and 137634?
14
Calculate the greatest common divisor of 294583 and 446.
223
What is the greatest common divisor of 271464 and 24?
24
What is the highest common divisor of 724 and 845632?
724
Calculate the greatest common divisor of 114379 and 23.
23
What is the greatest common factor of 22 and 27555?
11
Calculate the highest common factor of 621 and 55200.
69
What is the greatest common factor of 333 and 6933393?
333
Calculate the greatest common factor of 140 and 4888345.
35
Calculate the greatest common factor of 1723 and 5.
1
Calculate the highest common factor of 8588 and 72.
4
Calculate the greatest common factor of 765680 and 170.
170
What is the highest common factor of 1064 and 11816?
56
Calculate the highest common divisor of 33834 and 150.
6
Calculate the greatest common factor of 39 and 4308941.
13
What is the greatest common divisor of 28 and 265510?
14
What is the highest common factor of 318 and 299079?
159
What is the highest common divisor of 4235 and 3872?
121
Calculate the greatest common divisor of 189 and 569058.
21
What is the highest common factor of 17810 and 1170?
130
Calculate the highest common divisor of 186 and 4734.
6
Calculate the highest common divisor of 1043664 and 21.
3
Calculate the greatest common factor of 1275 and 22695.
255
Calculate the greatest common factor of 24 and 2147136.
24
What is the greatest common factor of 24497 and 9563?
131
What is the greatest common factor of 32780 and 40?
20
What is the highest common factor of 4 and 24907?
1
What is the greatest common divisor of 278 and 1492999?
139
Calculate the highest common factor of 10741 and 18423.
23
Calculate the greatest common divisor of 2 and 471074.
2
Calculate the highest common factor of 2601 and 4590.
153
Calculate the greatest common divisor of 383472 and 144.
144
Calculate the greatest common factor of 59569 and 71.
71
What is the highest common factor of 1370 and 2448190?
1370
Calculate the highest common factor of 6 and 14112.
6
Calculate the highest common factor of 2407 and 2204.
29
Calculate the greatest common factor of 153084 and 84.
12
What is the greatest common factor of 1729245 and 16555?
1505
Calculate the highest common divisor of 855 and 9120.
285
Calculate the highest common divisor of 61168 and 208.
16
Calculate the greatest common divisor of 51584 and 640.
128
Calculate the greatest common divisor of 615 and 44854.
41
What is the highest common factor of 301 and 102347?
7
What is the highest common divisor of 38125 and 1220?
305
Calculate the highest common factor of 1180 and 970.
10
Calculate the highest common fa